{"id":587,"date":"2022-03-19T15:15:03","date_gmt":"2022-03-19T14:15:03","guid":{"rendered":"https:\/\/lecomptoirlourdes.fr\/?page_id=587"},"modified":"2024-04-16T19:44:36","modified_gmt":"2024-04-16T18:44:36","slug":"test","status":"publish","type":"page","link":"https:\/\/lecomptoirlourdes.fr\/?page_id=587","title":{"rendered":"La Carte"},"content":{"rendered":"\n<div class=\"wp-block-columns is-layout-flex wp-container-core-columns-is-layout-9d6595d7 wp-block-columns-is-layout-flex\">\n<div class=\"wp-block-column is-layout-flow wp-block-column-is-layout-flow\">\n<figure class=\"wp-block-table is-style-regular\"><table><tbody><tr><td><strong>Mise en bouche :<\/strong><\/td><td><\/td><\/tr><tr><td>Planche mixte<\/td><td><\/td><\/tr><tr><td><sup>assortiment de charcuterie de <br>la Vall\u00e9e du Laruns<br>et fromage du pays&nbsp;<\/sup><\/td><td><\/td><\/tr><tr><td>Planche mixte grande<\/td><td><em>23\u20ac<\/em><\/td><\/tr><tr><td>Planche mixte petite<\/td><td><em>16\u20ac<\/em>&nbsp;<\/td><\/tr><tr><td>Chicken Wing<\/td><td><\/td><\/tr><tr><td><sup>20 Pieces a partager <br>Barbecue<br>Tex-Mex<\/sup><\/td><td><em>22\u20ac<\/em><\/td><\/tr><tr><td><sup>10 Pieces a partager <\/sup><\/td><td><em>11\u20ac<\/em><\/td><\/tr><tr><td>Omelette<\/td><td><em>12,5\u20ac<\/em><\/td><\/tr><tr><td><\/td><td><\/td><\/tr><\/tbody><\/table><\/figure>\n<\/div>\n\n\n\n<div class=\"wp-block-column is-layout-flow wp-block-column-is-layout-flow\">\n<figure class=\"wp-block-table is-style-regular\"><table><tbody><tr><td><strong>Les entr\u00e9es&nbsp;:&nbsp;<\/strong><\/td><td><\/td><\/tr><tr><td>D\u00e9clinaison de tomates<\/td><td>15,5\u20ac<\/td><\/tr><tr><td><sup>anciennes et sa burrata<br><\/sup><\/td><td><\/td><\/tr><tr><td>Saumon fum\u00e9 <\/td><td><em>20,50\u20ac<\/em><\/td><\/tr><tr><td><sup>servi avec ses toasts<br>et sa cr\u00e8me \u00e0 l&rsquo;aneth<\/sup><\/td><td><\/td><\/tr><tr><td>Carpaccio de b\u0153uf<\/td><td><em>13,50\u20ac<\/em><\/td><\/tr><tr><td>Filet de b\u0153uf<br>copeaux de parmesan, salade<\/td><td><\/td><\/tr><tr><td><strong>Les pok\u00e9s :<\/strong><\/td><td><\/td><\/tr><tr><td>Pok\u00e9 poulet<\/td><td><em>15,50\u20ac<\/em><\/td><\/tr><tr><td>Pok\u00e9 saumon<\/td><td><em>16\u20ac<\/em><\/td><\/tr><tr><td>Pok\u00e9 v\u00e9g\u00e9tarien<\/td><td><em>15,50\u20ac<\/em><\/td><\/tr><\/tbody><\/table><\/figure>\n<\/div>\n<\/div>\n\n\n\n<div class=\"wp-block-columns is-layout-flex wp-container-core-columns-is-layout-9d6595d7 wp-block-columns-is-layout-flex\">\n<div class=\"wp-block-column is-layout-flow wp-block-column-is-layout-flow\"><\/div>\n<\/div>\n\n\n\n<div class=\"wp-block-columns is-layout-flex wp-container-core-columns-is-layout-9d6595d7 wp-block-columns-is-layout-flex\">\n<div class=\"wp-block-column is-layout-flow wp-block-column-is-layout-flow\">\n<figure class=\"wp-block-table is-style-regular\"><table><tbody><tr><td><strong>Les Viandes :<\/strong><\/td><td><\/td><\/tr><tr><td>Entrec\u00f4te<\/td><td><em>25\u20ac<\/em><\/td><\/tr><tr><td><sup>350 g minimum <\/sup><br><sup>Boucherie&nbsp;DUTHU<\/sup><\/td><td><\/td><\/tr><tr><td>Bavette<\/td><td><em>18,50\u20ac<\/em><\/td><\/tr><tr><td><sup>Boucherie&nbsp;DUTHU<\/sup><\/td><td><\/td><\/tr><tr><td>Magret  de canard<\/td><td><em>26\u20ac<\/em><\/td><\/tr><tr><td>Tartare <br>de b\u0153uf au couteau<\/td><td><em>19\u20ac<\/em><\/td><\/tr><tr><td><sup>b\u0153uf,<br>sauce Worcester,<br>\u00e9chalottes, cornichon,<br>c\u00e2pres (jaune d\u2019\u0153uf) <br>etc..<\/sup><\/td><td><\/td><\/tr><tr><td>Mix Grill<\/td><td><em>26\u20ac<\/em><\/td><\/tr><tr><td><em><sup>1 accompagnement au choix<br>pour tous nos plats<\/sup><\/em><\/td><td><\/td><\/tr><tr><td>Escalope de veau<\/td><td><em>18,50\u20ac<\/em><\/td><\/tr><tr><td><sup>\u00e0 la cr\u00e8me et champions<\/sup><\/td><td><\/td><\/tr><tr><td><em><sup>2  accompagnement<br>en suppl\u00e9ment <\/sup><\/em><\/td><td><em>3\u20ac<\/em><\/td><\/tr><tr><td><em><sup>Sauce au choix servi \u00e0 part<\/sup><\/em><\/td><td><\/td><\/tr><tr><td><sup>Poivre<br>Echalottes<br>Roquefort<\/sup><\/td><td><\/td><\/tr><tr><td><sup>Toutes nos viandes sont d&rsquo;origine<br>fran\u00e7aise<\/sup><\/td><td><\/td><\/tr><\/tbody><\/table><\/figure>\n<\/div>\n\n\n\n<div class=\"wp-block-column is-layout-flow wp-block-column-is-layout-flow\">\n<figure class=\"wp-block-table is-style-regular\"><table><tbody><tr><td><strong>Les hamburgers : <\/strong><br>steak 150gr<\/td><td><\/td><\/tr><tr><td>Le classic<\/td><td><em>16\u20ac<\/em><\/td><\/tr><tr><td><sup>Pain artisanal, cheddar, <\/sup><br><sup>steak du boucher, <\/sup><br><sup>ventr\u00e8che, tomate, salade, <\/sup><br><sup>compos\u00e9e d&rsquo;oignon, cornichon<\/sup><\/td><td><\/td><\/tr><tr><td>Le J2M<\/td><td><em>19\u20ac<\/em><\/td><\/tr><tr><td><sup>Double burger classic<\/sup><\/td><td><\/td><\/tr><tr><td>Le Gluten<\/td><td><em>16,50\u20ac<\/em><\/td><\/tr><tr><td><sup>Burger Classic  <\/sup><br><sup>Le pain est remplac\u00e9 <\/sup><br><sup>par deux galettes <\/sup><br><sup>de pomme r\u00f6sti<\/sup><\/td><td><\/td><\/tr><tr><td>Le Pyr\u00e9n\u00e9en<\/td><td><em>17,50\u20ac<\/em><\/td><\/tr><tr><td><sup>Pain artisanal, fromage du pays,<br>jambon de pays, steak de boucher,<br>tomate, salade , cornichon<\/sup><\/td><td><\/td><\/tr><tr><td>Le Ckicken<\/td><td><em>15,50<\/em>\u20ac<\/td><\/tr><tr><td><sup>Pain artisanal, cheddar, poulet ,tomate, salade, <br>cornichon<\/sup><br><\/td><td><\/td><\/tr><\/tbody><\/table><\/figure>\n<\/div>\n<\/div>\n\n\n\n<div class=\"wp-block-columns is-layout-flex wp-container-core-columns-is-layout-9d6595d7 wp-block-columns-is-layout-flex\">\n<div class=\"wp-block-column is-layout-flow wp-block-column-is-layout-flow\">\n<figure class=\"wp-block-table is-style-regular\"><table><tbody><tr><td><strong>Les Poissons <\/strong><br><strong>et crustac\u00e9&nbsp;<\/strong><\/td><td><\/td><\/tr><tr><td>Cabillaud \u00e0 l&rsquo;espagnol<\/td><td><em>19,50\u20ac<\/em><\/td><\/tr><tr><td>Gambas \u00e0 la plancha<\/td><td><em>22\u20ac<\/em><\/td><\/tr><tr><td>Chiperons \u00e0 la <br>plancha<\/td><td>17,50\u20ac<\/td><\/tr><tr><td>Ceviche de saumon<\/td><td><em>20,50\u20ac<\/em><\/td><\/tr><\/tbody><\/table><\/figure>\n<\/div>\n<\/div>\n\n\n\n<div class=\"wp-block-columns is-layout-flex wp-container-core-columns-is-layout-9d6595d7 wp-block-columns-is-layout-flex\">\n<div class=\"wp-block-column is-layout-flow wp-block-column-is-layout-flow\">\n<figure class=\"wp-block-table is-style-regular\"><table><tbody><tr><td><strong>Les sp\u00e9cialit\u00e9s :<\/strong><\/td><td><\/td><\/tr><tr><td>Cuisses de Grenouille<\/td><td><em>21,50\u20ac<\/em><\/td><\/tr><tr><td>Ris de veau<\/td><td><em>23,50\u20ac<\/em><\/td><\/tr><tr><td><sup>d\u00e9glac\u00e9 au porto,<br>jus de veau<\/sup><\/td><td><\/td><\/tr><tr><td>Confit de canard <\/td><td><em>18,50\u20ac<\/em><\/td><\/tr><\/tbody><\/table><\/figure>\n<\/div>\n<\/div>\n\n\n\n<div class=\"wp-block-columns is-layout-flex wp-container-core-columns-is-layout-9d6595d7 wp-block-columns-is-layout-flex\">\n<div class=\"wp-block-column is-layout-flow wp-block-column-is-layout-flow\">\n<figure class=\"wp-block-table is-style-regular\"><table><tbody><tr><td><strong>Accompagnements :<\/strong><\/td><td><\/td><\/tr><tr><td>Frites maison <br>ou riz aux petits l\u00e9gumes<br>ou l\u00e9gumes du jour r\u00f4tie au four <br>ou pur\u00e9e de patates douces <\/td><td><\/td><\/tr><tr><td>Deuxi\u00e8me accompagnement en suppl\u00e9ment<\/td><td><em>3\u20ac<\/em><\/td><\/tr><\/tbody><\/table><\/figure>\n<\/div>\n<\/div>\n\n\n\n<div class=\"wp-block-columns is-layout-flex wp-container-core-columns-is-layout-9d6595d7 wp-block-columns-is-layout-flex\">\n<div class=\"wp-block-column is-layout-flow wp-block-column-is-layout-flow\">\n<figure class=\"wp-block-table is-style-regular\"><table><tbody><tr><td><strong>Menu Jour<\/strong>:<\/td><td><\/td><\/tr><tr><td>Uniquement le midi <br>du mardi au vendredi<\/td><td><\/td><\/tr><tr><td>Plat<\/td><td><em>11\u20ac<\/em><\/td><\/tr><tr><td>Plat &#8211; dessert<\/td><td><em>13,50\u20ac<\/em><\/td><\/tr><\/tbody><\/table><\/figure>\n<\/div>\n\n\n\n<div class=\"wp-block-column is-layout-flow wp-block-column-is-layout-flow\">\n<figure class=\"wp-block-table is-style-regular\"><table><tbody><tr><td><strong>Menu enfants:&nbsp;<\/strong><\/td><td><\/td><\/tr><tr><td>Burger <br>ou steak hach\u00e9 <br>ou Poulet pan\u00e9<\/td><td>9,50\u20ac<\/td><\/tr><tr><td>Accompagnent au choix<\/td><td><\/td><\/tr><tr><td>1 sirop au choix<br>glace<\/td><td><\/td><\/tr><tr><td>Avec  boisson Tropico<\/td><td>11,50\u20ac<\/td><\/tr><\/tbody><\/table><\/figure>\n<\/div>\n<\/div>\n\n\n\n<div class=\"wp-block-columns is-layout-flex wp-container-core-columns-is-layout-9d6595d7 wp-block-columns-is-layout-flex\">\n<div class=\"wp-block-column is-layout-flow wp-block-column-is-layout-flow\">\n<table id=\"tablepress-6\" class=\"tablepress tablepress-id-6\">\n<tbody>\n<tr class=\"row-1\">\n\t<td class=\"column-1\">Nos Desserts Gourmands<\/td><td class=\"column-2\"><\/td>\n<\/tr>\n<tr class=\"row-2\">\n\t<td class=\"column-1\">Caf\u00e9 gourmand<\/td><td class=\"column-2\">8.50\u20ac<\/td>\n<\/tr>\n<tr class=\"row-3\">\n\t<td class=\"column-1\">Th\u00e9 ou Chocolat gourmand<\/td><td class=\"column-2\">9.50\u20ac<\/td>\n<\/tr>\n<tr class=\"row-4\">\n\t<td class=\"column-1\">Tiramisu<\/td><td class=\"column-2\">7\u20ac<\/td>\n<\/tr>\n<tr class=\"row-5\">\n\t<td class=\"column-1\">Mousse au chocolat<\/td><td class=\"column-2\">6,50\u20ac<\/td>\n<\/tr>\n<tr class=\"row-6\">\n\t<td class=\"column-1\">Profiteroles<\/td><td class=\"column-2\">7,50\u20ac<\/td>\n<\/tr>\n<tr class=\"row-7\">\n\t<td class=\"column-1\">Cr\u00e8me brul\u00e9e<\/td><td class=\"column-2\">7\u20ac<\/td>\n<\/tr>\n<tr class=\"row-8\">\n\t<td class=\"column-1\">Cr\u00eapes au sucre<\/td><td class=\"column-2\">6\u20ac<\/td>\n<\/tr>\n<tr class=\"row-9\">\n\t<td class=\"column-1\">Cr\u00eapes nutella <br \/>\nou confiture<\/td><td class=\"column-2\">6,50\u20ac<\/td>\n<\/tr>\n<tr class=\"row-10\">\n\t<td class=\"column-1\">Affogato<br \/>\ndouble caf\u00e9<br \/>\n<br \/>\n1 boule de glace vanille<\/td><td class=\"column-2\">6.50\u20ac<\/td>\n<\/tr>\n<tr class=\"row-11\">\n\t<td class=\"column-1\">Assiette de fromage<br \/>\n3 fromages<\/td><td class=\"column-2\">9,50\u20ac<\/td>\n<\/tr>\n<tr class=\"row-12\">\n\t<td class=\"column-1\">Suppl\u00e9ment cr\u00e8me fouett\u00e9e<\/td><td class=\"column-2\">0,50\u20ac<\/td>\n<\/tr>\n<tr class=\"row-13\">\n\t<td class=\"column-1\"><\/td><td class=\"column-2\"><\/td>\n<\/tr>\n<\/tbody>\n<\/table>\n<!-- #tablepress-6 from cache -->\n<\/div>\n<\/div>\n\n\n\n<div class=\"wp-block-columns is-layout-flex wp-container-core-columns-is-layout-9d6595d7 wp-block-columns-is-layout-flex\">\n<div class=\"wp-block-column is-layout-flow wp-block-column-is-layout-flow\">\n<table id=\"tablepress-4\" class=\"tablepress tablepress-id-4\">\n<tbody>\n<tr class=\"row-1\">\n\t<td class=\"column-1\">Cr\u00e8mes Glac\u00e9es<\/td><td class=\"column-2\"><\/td><td class=\"column-3\"><\/td><td class=\"column-4\"><\/td>\n<\/tr>\n<tr class=\"row-2\">\n\t<td class=\"column-1\">Caf\u00e9 100 % pur Arabica de Colombie<br \/>\nIGP<\/td><td class=\"column-2\"><\/td><td class=\"column-3\"><\/td><td class=\"column-4\"><\/td>\n<\/tr>\n<tr class=\"row-3\">\n\t<td class=\"column-1\">Caramel beurre sal\u00e9<br \/>\nde baratte au sel de Gu\u00e9rande IGP<\/td><td class=\"column-2\"><\/td><td class=\"column-3\"><\/td><td class=\"column-4\"><\/td>\n<\/tr>\n<tr class=\"row-4\">\n\t<td class=\"column-1\">Chocolat noir suisse<\/td><td class=\"column-2\"><\/td><td class=\"column-3\"><\/td><td class=\"column-4\"><\/td>\n<\/tr>\n<tr class=\"row-5\">\n\t<td class=\"column-1\">Fraise Sengana<\/td><td class=\"column-2\"><\/td><td class=\"column-3\"><\/td><td class=\"column-4\"><\/td>\n<\/tr>\n<tr class=\"row-6\">\n\t<td class=\"column-1\">Rhum-raisins au rhum des antilles et raisins blonds<\/td><td class=\"column-2\"><\/td><td class=\"column-3\"><\/td><td class=\"column-4\"><\/td>\n<\/tr>\n<tr class=\"row-7\">\n\t<td class=\"column-1\">Vanille Bourdon de Madagascar<\/td><td class=\"column-2\"><\/td><td class=\"column-3\"><\/td><td class=\"column-4\"><\/td>\n<\/tr>\n<tr class=\"row-8\">\n\t<td class=\"column-1\">Sorbets<\/td><td class=\"column-2\"><\/td><td class=\"column-3\"><\/td><td class=\"column-4\"><\/td>\n<\/tr>\n<tr class=\"row-9\">\n\t<td class=\"column-1\">Citron vert du mexique<\/td><td class=\"column-2\"><\/td><td class=\"column-3\"><\/td><td class=\"column-4\"><\/td>\n<\/tr>\n<tr class=\"row-10\">\n\t<td class=\"column-1\">Framboise Meeker<\/td><td class=\"column-2\"><\/td><td class=\"column-3\"><\/td><td class=\"column-4\"><\/td>\n<\/tr>\n<tr class=\"row-11\">\n\t<td class=\"column-1\">Mangue Alphonso d'inde<\/td><td class=\"column-2\"><\/td><td class=\"column-3\"><\/td><td class=\"column-4\"><\/td>\n<\/tr>\n<tr class=\"row-12\">\n\t<td class=\"column-1\"><\/td><td class=\"column-2\">1 boule 2,50\u20ac<\/td><td class=\"column-3\">2 boules 4,50\u20ac<\/td><td class=\"column-4\">3 boules 7,00\u20ac<\/td>\n<\/tr>\n<tr class=\"row-13\">\n\t<td class=\"column-1\">Suppl\u00e9ment cr\u00e8me fouett\u00e9e  0,50\u20ac<\/td><td class=\"column-2\"><\/td><td class=\"column-3\"><\/td><td class=\"column-4\"><\/td>\n<\/tr>\n<tr class=\"row-14\">\n\t<td class=\"column-1\"><\/td><td class=\"column-2\"><\/td><td class=\"column-3\"><\/td><td class=\"column-4\"><\/td>\n<\/tr>\n<\/tbody>\n<\/table>\n<!-- #tablepress-4 from cache -->\n<\/div>\n<\/div>\n\n\n\n<div class=\"wp-block-columns is-layout-flex wp-container-core-columns-is-layout-9d6595d7 wp-block-columns-is-layout-flex\">\n<div class=\"wp-block-column is-layout-flow wp-block-column-is-layout-flow\">\n<table id=\"tablepress-5\" class=\"tablepress tablepress-id-5\">\n<tbody>\n<tr class=\"row-1\">\n\t<td class=\"column-1\">Nos coupes glac\u00e9es<\/td><td class=\"column-2\"><\/td>\n<\/tr>\n<tr class=\"row-2\">\n\t<td class=\"column-1\">Banana Split<br \/>\nChocolat, vanille, fraise, banane fruit, sauce chocolat et cr\u00e8me fouett\u00e9e<\/td><td class=\"column-2\">8,50\u20ac<\/td>\n<\/tr>\n<tr class=\"row-3\">\n\t<td class=\"column-1\">Chocolat Li\u00e9geois<br \/>\nChocolat, vanille, sauce chocolat et cr\u00e8me fouett\u00e9e<\/td><td class=\"column-2\">7,50\u20ac<\/td>\n<\/tr>\n<tr class=\"row-4\">\n\t<td class=\"column-1\">Caramel Li\u00e9geois<br \/>\nCaramel, vanille, sauce caramel et cr\u00e8me fouett\u00e9e<\/td><td class=\"column-2\">7,50\u20ac<\/td>\n<\/tr>\n<tr class=\"row-5\">\n\t<td class=\"column-1\">Caf\u00e9 Li\u00e9geois<br \/>\ncaf\u00e9, vanille, sauce caf\u00e9 et cr\u00e8me fouett\u00e9e<\/td><td class=\"column-2\">7,50\u20ac<\/td>\n<\/tr>\n<tr class=\"row-6\">\n\t<td class=\"column-1\">Dame Blanche<br \/>\nVanille, sauce chocolat et cr\u00e8me fouett\u00e9e<\/td><td class=\"column-2\">7,50\u20ac<\/td>\n<\/tr>\n<tr class=\"row-7\">\n\t<td class=\"column-1\">P\u00eache Melba<br \/>\nVanille, p\u00eache fruit, coulis de fruits rouges et cr\u00e8me fouett\u00e9e<\/td><td class=\"column-2\">8,50\u20ac<\/td>\n<\/tr>\n<tr class=\"row-8\">\n\t<td class=\"column-1\">Poire Belle-H\u00e9l\u00e8ne<br \/>\nVanille, poire fruit, sauce chocolat et cr\u00e8me fouett\u00e9e<\/td><td class=\"column-2\">8,50\u20ac<\/td>\n<\/tr>\n<tr class=\"row-9\">\n\t<td class=\"column-1\">La Colonel<br \/>\n2 boules citron vert, 2 cl de vodka<\/td><td class=\"column-2\">8,50\u20ac<\/td>\n<\/tr>\n<tr class=\"row-10\">\n\t<td class=\"column-1\"><\/td><td class=\"column-2\"><\/td>\n<\/tr>\n<\/tbody>\n<\/table>\n<!-- #tablepress-5 from cache -->\n<\/div>\n<\/div>\n","protected":false},"excerpt":{"rendered":"<p>Mise en bouche : Planche mixte assortiment de charcuterie de la Vall\u00e9e du Larunset fromage du pays&nbsp; Planche mixte grande<\/p>\n","protected":false},"author":1,"featured_media":0,"parent":0,"menu_order":0,"comment_status":"closed","ping_status":"closed","template":"","meta":{"footnotes":""},"class_list":["post-587","page","type-page","status-publish","hentry","comments-off"],"yoast_head":"<!-- This site is optimized with the Yoast SEO plugin v27.3 - https:\/\/yoast.com\/product\/yoast-seo-wordpress\/ -->\n<title>La Carte - Le Comptoir Lourdes<\/title>\n<meta name=\"robots\" content=\"index, follow, max-snippet:-1, max-image-preview:large, max-video-preview:-1\" \/>\n<link rel=\"canonical\" href=\"https:\/\/lecomptoirlourdes.fr\/?page_id=587\" \/>\n<meta property=\"og:locale\" content=\"fr_FR\" \/>\n<meta property=\"og:type\" content=\"article\" \/>\n<meta property=\"og:title\" content=\"La Carte - Le Comptoir Lourdes\" \/>\n<meta property=\"og:description\" content=\"Mise en bouche : Planche mixte assortiment de charcuterie de la Vall\u00e9e du Larunset fromage du pays&nbsp; Planche mixte grande\" \/>\n<meta property=\"og:url\" content=\"https:\/\/lecomptoirlourdes.fr\/?page_id=587\" \/>\n<meta property=\"og:site_name\" content=\"Le Comptoir Lourdes\" \/>\n<meta property=\"article:modified_time\" content=\"2024-04-16T18:44:36+00:00\" \/>\n<meta name=\"twitter:label1\" content=\"Dur\u00e9e de lecture estim\u00e9e\" \/>\n\t<meta name=\"twitter:data1\" content=\"2 minutes\" \/>\n<script type=\"application\/ld+json\" class=\"yoast-schema-graph\">{\"@context\":\"https:\\\/\\\/schema.org\",\"@graph\":[{\"@type\":\"WebPage\",\"@id\":\"https:\\\/\\\/lecomptoirlourdes.fr\\\/?page_id=587\",\"url\":\"https:\\\/\\\/lecomptoirlourdes.fr\\\/?page_id=587\",\"name\":\"La Carte - Le Comptoir Lourdes\",\"isPartOf\":{\"@id\":\"https:\\\/\\\/lecomptoirlourdes.fr\\\/#website\"},\"datePublished\":\"2022-03-19T14:15:03+00:00\",\"dateModified\":\"2024-04-16T18:44:36+00:00\",\"breadcrumb\":{\"@id\":\"https:\\\/\\\/lecomptoirlourdes.fr\\\/?page_id=587#breadcrumb\"},\"inLanguage\":\"fr-FR\",\"potentialAction\":[{\"@type\":\"ReadAction\",\"target\":[\"https:\\\/\\\/lecomptoirlourdes.fr\\\/?page_id=587\"]}]},{\"@type\":\"BreadcrumbList\",\"@id\":\"https:\\\/\\\/lecomptoirlourdes.fr\\\/?page_id=587#breadcrumb\",\"itemListElement\":[{\"@type\":\"ListItem\",\"position\":1,\"name\":\"Accueil\",\"item\":\"https:\\\/\\\/lecomptoirlourdes.fr\\\/\"},{\"@type\":\"ListItem\",\"position\":2,\"name\":\"La Carte\"}]},{\"@type\":\"WebSite\",\"@id\":\"https:\\\/\\\/lecomptoirlourdes.fr\\\/#website\",\"url\":\"https:\\\/\\\/lecomptoirlourdes.fr\\\/\",\"name\":\"Le Comptoir Lourdes\",\"description\":\"Bar Brasserie Salon de th\u00e9\",\"potentialAction\":[{\"@type\":\"SearchAction\",\"target\":{\"@type\":\"EntryPoint\",\"urlTemplate\":\"https:\\\/\\\/lecomptoirlourdes.fr\\\/?s={search_term_string}\"},\"query-input\":{\"@type\":\"PropertyValueSpecification\",\"valueRequired\":true,\"valueName\":\"search_term_string\"}}],\"inLanguage\":\"fr-FR\"}]}<\/script>\n<!-- \/ Yoast SEO plugin. -->","yoast_head_json":{"title":"La Carte - Le Comptoir Lourdes","robots":{"index":"index","follow":"follow","max-snippet":"max-snippet:-1","max-image-preview":"max-image-preview:large","max-video-preview":"max-video-preview:-1"},"canonical":"https:\/\/lecomptoirlourdes.fr\/?page_id=587","og_locale":"fr_FR","og_type":"article","og_title":"La Carte - Le Comptoir Lourdes","og_description":"Mise en bouche : Planche mixte assortiment de charcuterie de la Vall\u00e9e du Larunset fromage du pays&nbsp; Planche mixte grande","og_url":"https:\/\/lecomptoirlourdes.fr\/?page_id=587","og_site_name":"Le Comptoir Lourdes","article_modified_time":"2024-04-16T18:44:36+00:00","twitter_misc":{"Dur\u00e9e de lecture estim\u00e9e":"2 minutes"},"schema":{"@context":"https:\/\/schema.org","@graph":[{"@type":"WebPage","@id":"https:\/\/lecomptoirlourdes.fr\/?page_id=587","url":"https:\/\/lecomptoirlourdes.fr\/?page_id=587","name":"La Carte - Le Comptoir Lourdes","isPartOf":{"@id":"https:\/\/lecomptoirlourdes.fr\/#website"},"datePublished":"2022-03-19T14:15:03+00:00","dateModified":"2024-04-16T18:44:36+00:00","breadcrumb":{"@id":"https:\/\/lecomptoirlourdes.fr\/?page_id=587#breadcrumb"},"inLanguage":"fr-FR","potentialAction":[{"@type":"ReadAction","target":["https:\/\/lecomptoirlourdes.fr\/?page_id=587"]}]},{"@type":"BreadcrumbList","@id":"https:\/\/lecomptoirlourdes.fr\/?page_id=587#breadcrumb","itemListElement":[{"@type":"ListItem","position":1,"name":"Accueil","item":"https:\/\/lecomptoirlourdes.fr\/"},{"@type":"ListItem","position":2,"name":"La Carte"}]},{"@type":"WebSite","@id":"https:\/\/lecomptoirlourdes.fr\/#website","url":"https:\/\/lecomptoirlourdes.fr\/","name":"Le Comptoir Lourdes","description":"Bar Brasserie Salon de th\u00e9","potentialAction":[{"@type":"SearchAction","target":{"@type":"EntryPoint","urlTemplate":"https:\/\/lecomptoirlourdes.fr\/?s={search_term_string}"},"query-input":{"@type":"PropertyValueSpecification","valueRequired":true,"valueName":"search_term_string"}}],"inLanguage":"fr-FR"}]}},"_links":{"self":[{"href":"https:\/\/lecomptoirlourdes.fr\/index.php?rest_route=\/wp\/v2\/pages\/587","targetHints":{"allow":["GET"]}}],"collection":[{"href":"https:\/\/lecomptoirlourdes.fr\/index.php?rest_route=\/wp\/v2\/pages"}],"about":[{"href":"https:\/\/lecomptoirlourdes.fr\/index.php?rest_route=\/wp\/v2\/types\/page"}],"author":[{"embeddable":true,"href":"https:\/\/lecomptoirlourdes.fr\/index.php?rest_route=\/wp\/v2\/users\/1"}],"replies":[{"embeddable":true,"href":"https:\/\/lecomptoirlourdes.fr\/index.php?rest_route=%2Fwp%2Fv2%2Fcomments&post=587"}],"version-history":[{"count":0,"href":"https:\/\/lecomptoirlourdes.fr\/index.php?rest_route=\/wp\/v2\/pages\/587\/revisions"}],"wp:attachment":[{"href":"https:\/\/lecomptoirlourdes.fr\/index.php?rest_route=%2Fwp%2Fv2%2Fmedia&parent=587"}],"curies":[{"name":"wp","href":"https:\/\/api.w.org\/{rel}","templated":true}]}}